Let v(j) = -j**3 + 7*j**2 + 19*j - 13. What is v(9)?
-4
Let q(z) = -z**3 + 8*z**2 - 4. What is q(8)?
-4
Let z(v) = 104*v + 1052. Give z(-10).
12
Let a(m) = -11*m**2 + 6*m - 12. Give a(3).
-93
Let y(c) = -6*c - 49. Give y(-7).
-7
Let w(f) = 5*f - 15. Determine w(22).
95
Let r(l) = l - 66. What is r(-14)?
-80
Let w(q) = 13*q - 34. Determine w(3).
5
Let m(w) = -w**3 - 6*w**2 - 7*w. Determine m(-5).
10
Let a(h) = -h**3 - 10*h**2 - 6*h + 11. Calculate a(-9).
-16
Let j(p) = -p**3 - 5*p**2 + 11*p + 7. Give j(-7).
28
Let j(x) = x**3 + 9*x**2 + 11*x - 15. Calculate j(-7).
6
Let g(o) = o**3 + 17*o**2 + 29*o - 12. Determine g(-15).
3
Let n(s) = 5*s**2 - 14. Determine n(0).
-14
Let p(j) = -j**3 - 9*j**2 - 7*j - 19. What is p(-8)?
-27
Let o(c) = -c**2 - 2*c + 1. What is o(-3)?
-2
Let r(d) = d**2 - 48*d + 216. Calculate r(5).
1
Let t(o) = 18*o - 134. Determine t(8).
10
Let b(l) = -l**3 - 41*l**2 + 87*l + 44. Give b(-43).
1
Let c(z) = 4*z**2 + 5*z - 9. Give c(-6).
105
Let p(f) = f**3 - 13*f**2 - 14*f. What is p(14)?
0
Let q(m) = -m - 12. Give q(-19).
7
Let c(x) = -x**3 + 13*x**2 + 36*x - 97. What is c(15)?
-7
Let w(b) = -3*b + 17. Give w(7).
-4
Let x(b) = -36*b - 116. Determine x(-3).
-8
Let p(m) = -m**3 + 10*m**2 - m + 10. Calculate p(7).
150
Let k(u) = -9*u**3 - u**2. Determine k(1).
-10
Let v(p) = -2*p**2 + 3*p + 11. What is v(-2)?
-3
Let j(w) = -4*w + 164. Determine j(34).
28
Let y(b) = b**2 - 6*b + 4. Determine y(5).
-1
Let i(f) = 80*f - 636. Determine i(8).
4
Let o(b) = -b**2 + 13*b - 22. Give o(11).
0
Let a(d) = d**3 + 12*d**2 - 3*d - 17. What is a(-12)?
19
Let o(b) = -2*b - 36. Determine o(-18).
0
Let w(a) = -a**2 + 21*a + 56. Calculate w(23).
10
Let r(x) = x**3 + 5*x**2 + 23*x + 175. Determine r(-6).
1
Let f(i) = i**3 - 7*i**2 - 6*i + 6. What is f(8)?
22
Let w(l) = -2*l. Calculate w(-11).
22
Let f(h) = -h**3 - 9*h**2 + 10*h + 12. What is f(-10)?
12
Let m(u) = 5*u**2 + 4*u + 5. What is m(3)?
62
Let s(g) = g**3 + 15*g**2 + 13*g - 6. Determine s(-14).
8
Let l(b) = -2*b**2 - 8*b - 13. Calculate l(-4).
-13
Let b(s) = s**2 + 4*s + 73. Determine b(0).
73
Let r(d) = d**2 + 2*d - 7. Determine r(-5).
8
Let n(h) = 3*h**3 + 2*h**2 + h - 108. What is n(0)?
-108
Let v(z) = z**3 - 7*z**2 + 4*z + 2. Determine v(6).
-10
Let u(y) = y + 39. What is u(-32)?
7
Let z(u) = u**3 - 5*u**2 - u - 8. Give z(6).
22
Let j(t) = -t**2 - 5*t - 8. Determine j(-4).
-4
Let r(z) = -z**3 + 25*z**2 + 25*z + 13. Give r(26).
-13
Let d(j) = -15*j - 160. Calculate d(-11).
5
Let n(d) = d**3 - 6*d**2 + d - 5. Give n(6).
1
Let v(x) = x**3 - 36*x**2 + 101*x - 69. What is v(33)?
-3
Let l(h) = h**3 - 4*h**2 - 14*h + 6. Determine l(6).
-6
Let r(c) = c**3 + 9*c**2 - 11*c + 6. Calculate r(-10).
16
Let k(m) = -7*m**2 - 3*m - 4. Calculate k(-2).
-26
Let s(y) = -y**2 - 2*y + 1. Determine s(2).
-7
Let u(g) = -2*g - 23. What is u(14)?
-51
Let i(l) = -2*l**3 + 6*l**2 + 3*l + 9. What is i(4)?
-11
Let y(x) = -x**2 - 62*x - 59. Determine y(-1).
2
Let v(a) = -2*a**2 - 7. Give v(5).
-57
Let m(b) = b - 12. What is m(13)?
1
Let k(m) = -6*m**2 - 2*m + 2. Calculate k(-2).
-18
Let u(v) = v**2 - 20*v + 17. What is u(19)?
-2
Let x(g) = 5*g**3 - 2*g**2 + g. Determine x(1).
4
Let h(f) = -f**2 - 2*f - 1. What is h(1)?
-4
Let j(a) = a + 30. Determine j(8).
38
Let v(i) = -i**2 + 12*i - 31. Give v(6).
5
Let d(w) = -10*w + 12. Give d(-11).
122
Let q(d) = 7*d + 37. Give q(-3).
16
Let o(r) = -r**2 - 7*r + 38. Calculate o(-15).
-82
Let i(p) = -2*p + 56. What is i(25)?
6
Let o(h) = h**3 - 2*h**2 - 2*h - 7. Give o(3).
-4
Let x(s) = 54*s**2 + 5*s. Calculate x(1).
59
Let g(s) = s**2 - 3*s - 4. What is g(5)?
6
Let l(f) = 18*f + 77. Give l(-5).
-13
Let u(k) = -2*k**3 + k + 4. Calculate u(3).
-47
Let q(o) = -o**3 - 8*o**2 + 14*o + 10. Give q(-9).
-35
Let x(b) = -b**2 - b + 1. Give x(-4).
-11
Let a(p) = -p**3 + 11*p**2 + 11*p + 4. Determine a(12).
-8
Let p(x) = x**2 + 5*x + 11. Give p(-5).
11
Let h(k) = k**2 - 10*k + 8. Give h(8).
-8
Let y(g) = 2*g**2 + g - 5. Give y(0).
-5
Let c(d) = -8*d + 234. What is c(30)?
-6
Let o(d) = d**2 - 8*d - 14. Calculate o(-2).
6
Let b(i) = i**2 + 8*i + 8. Determine b(-5).
-7
Let t(o) = -10*o**2 - 4*o - 1. Calculate t(-1).
-7
Let l(g) = g**3 - 3*g**2 - 3*g - 1. What is l(3)?
-10
Let g(c) = -c**3 + 13*c**2 - 49*c + 7. Determine g(6).
-35
Let c(n) = -34*n**2 + 2*n. What is c(-1)?
-36
Let c(d) = 5*d + 72. What is c(-13)?
7
Let y(b) = -3*b + 18. Calculate y(-12).
54
Let o(x) = 31*x - 14. Give o(4).
110
Let j(m) = 4*m + 12. Determine j(-6).
-12
Let t(u) = u - 10. Calculate t(-7).
-17
Let t(q) = q**2 - 16*q - 7. Calculate t(7).
-70
Let w(y) = y**3 + 3*y**2 - 5*y + 1. Give w(-4).
5
Let i(h) = -h**3 + 17*h**2 + 18*h + 4. Give i(18).
4
Let f(g) = 56*g**3 - 2*g + 1. What is f(1)?
55
Let v(g) = -g**3 + 8*g**2 - 8*g - 7. Determine v(7).
-14
Let l(g) = g**3 - 5*g**2 + 2*g + 6. Give l(4).
-2
Let n(p) = 2*p + 34. Give n(-10).
14
Let x(a) = 5*a**3 - a**2 - 2*a - 3. What is x(-2)?
-43
Let z(q) = 30*q - 1. What is z(-2)?
-61
Let z(r) = r**2 + 7*r + 10. Give z(-7).
10
Let w(n) = 3*n**3 + 57*n**2 - n - 22. Give w(-19).
-3
Let f(u) = -15*u + 1. What is f(2)?
-29
Let x(f) = -202*f + 1611. Determine x(8).
-5
Let q(v) = -v**3 - 20*v**2 + 20*v - 14. Calculate q(-21).
7
Let d(f) = f**3 + 13*f**2 + 25*f + 38. Determine d(-11).
5
Let a(b) = b**3 + 8*b**2 - b - 10. Give a(-8).
-2
Let j(y) = 2*y**3 - 29*y**2 + 14*y + 2. Calculate j(14).
2
Let j(t) = -13*t**3 - t**2 - 2*t + 1. Give j(1).
-15
Let p(z) = -2*z**3 + 5*z**2 - 3*z - 1. Determine p(3).
-19
Let z(y) = -y**3 + 9*y**2 - 2*y + 2. What is z(9)?
-16
Let m(k) = -15*k**2 - 8*k - 7. Calculate m(-3).
-118
Let v(b) = -7*b + 402. Give v(57).
3
Let u(m) = 100*m**2 + 9*m - 7. What is u(1)?
102
Let o(q) = 2*q - 16. Give o(13).
10
Let u(h) = -h**2 + 9*h + 80. What is u(11)?
58
Let i(l) = 4*l - 44. Determine i(12).
4
Let h(w) = w + 12. What is h(-8)?
4
Let u(a) = 6*a**2 - 4*a - 2. Calculate u(3).
40
Let m(g) = 10*g**2 + g - 3. Give m(1).
8
Let w(m) = m**2 + 14*m - 5. Determine w(-14).
-5
Let a(z) = 3*z - 20. Calculate a(10).
10
Let b(y) = y**2 - 13*y + 36. Determine b(6).
-6
Let l(s) = -7*s + 85. Determine l(14).
-13
Let a(n) = -16*n + 4. What is a(-2)?
36
Let w(b) = 2*b**2 - 30*b + 37. Calculate w(13).
-15
Let n(x) = x**2 - 20*x + 132. Determine n(8).
36
Let q(v) = v**3 + 5*v**2 + 7*v + 8. Calculate q(-4).
-4
Let g(m) = m**2 + 105*m + 595. Give g(-6).
1
Let m(h) = -h**2 - 11*h - 4. Calculate m(-9).
14
Let r(h) = 2*h**3 - 4*h**2 - 6*h + 2. Give r(4).
42
Let o(q) = -q**3 - 10*q**2 + 23*q - 18. What is o(-12)?
-6
Let u(v) = -v**2 + 12*v + 5. Calculate u(-6).
-103
Let v(h) = -7*h - 13. Calculate v(-3).
8
Let c(x) = -x**2 + 3*x + 126. Calculate c(-10).
-4
Let w(f) = f**2 + 4*f + 5. Calculate w(-3).
2
Let u(b) = -99*b + 17. Give u(1).
-82
Let p(h) = h + 2. What is p(-18)?
-16
Let l(i) = -i**3 - 6*i**2 + 17*i. Determine l(-8).
-8
Let s(j) = 3*j - 12. What is s(7)?
9
Let i(o) = -o**3 + 16*o**2 + 17*o + 21. Determine i(17).
21
Let a(j) = 12*j - 4. Determine a(-3).
-40
Let y(h) = -21*h**2 + 1. What is y(-1)?
-20
Let f(c) = c + 20. Calculate f(-24).
-4
Let i(d) = -5*d - 103. Calculate i(-20).
-3
Let n(d) = d**3 - d**2 + 2*d. Calculate n(2).
8
Let h(b) = 6*b - 58. Give h(10).
2
Let t(o) = 11*o - 10. What is t(13)?
133
Let v(z) = z**3 - z**2 - z + 3. What is v(-2)?
-7
Let j(i) = -4*i**2 - 2*i + 9. Calculate j(3).
-33
Let p(o) = 22*o**2 - 3*o + 4. Give p(2).
86
Let u(s) = -4*s - 52. Give u(-13).
0
Let k(l) = -52*l - 1. Determine k(1).
-53
Let l(z) = z**3 + 9*z**2 - 12*z + 7. Give l(-10).
27
Let c(o) = -5*o - 5. Give c(-1).
0
Let a(n) = 6*n + 1. Determine a(-6).
-35
Let f(q) = -2*q + 12. What is f(5)?
2
Let s(z) = -z**2 + 11*z - 35. Calculate s(7).
-7
Let r(t) = 12*t + 906. Give r(-76).
-6
Let l(i) = -5*i + 47. What is l(9)?
2
Let n(o) = -o**3 - 8*o**2 + 10*o + 7. Determine n(-8).
-73
Let w(x) = x**3 - 10*x**2 - 4*x + 26. Determine w(11).
103
Let o(x) = -x**2 + 21*x - 90. Give o(7).
8
Let x(w) = -w**3 + 2*w**2 + 6*w + 3. What is x(4)?
-5
Let t(l) = l**2 - 9*l + 3. What is t(9)?
3
Let r(q) = 3*q + 102. Calculate r(-35).
-3
Let z(g) = g**3 - 16*g**2 + 15*g - 4. What is z(15)?
-4
Let z(a) = 24*a + 2. What is z(2)?
50
Let s(k) = -k - 4. Determine s(-12).
8
Let f(d) = -10*d**3 + 4*d**2. Give f(1).
-6
Let l